+ 2*x - 50 = -x. Let r be 1 + 4/8*c. Calculate the highest common divisor of r and 23.
23
Let b be (-18)/(-45)*(-2 + 17). Suppose -b*d = -91 - 113. Suppose 4*v - 960 = -4*y, -v + 2*v - 3*y - 232 = 0. What is the highest common factor of v and d?
34
Let b(n) = 65*n - 20*n + n**3 - 19*n**2 - 18 - 24*n. Let q be b(18). Calculate the greatest common divisor of q and 3.
3
Let b(x) = x**2 + x + 9. Let f be b(-6). Suppose -442 = -4*i - h - f, 326 = 3*i - 4*h. Let u = i + 8. Calculate the greatest common factor of u and 10.
10
Suppose -4*n - 3*h - 7 = -39, 19 = 3*n + h. Suppose -2*l + 268 = n*z + 38, 4*z - 207 = 3*l. What is the greatest common divisor of z and 6?
6
Let n be -2 - (-6 + 8/4). Let c be 49 + -7 + 8 + n*-1. What is the highest common divisor of 36 and c?
12
Suppose 16 = -27*o + 31*o. Suppose 0 = 2*y - 6*y + o. Calculate the greatest common divisor of y and 7.
1
Let z be 24 + 49 + (-2)/2. Let n be 0/((-3)/(-5 - -2)). Suppose -4*x = -4*v + v - 57, -3*v + 15 = n. Calculate the greatest common factor of x and z.
18
Let f(v) = -v + 7. Let a be f(4). Let y be ((-30*1)/5)/1. Let d be (y/10)/((-4)/20). Calculate the highest common factor of d and a.
3
Suppose -y + 3 = -5*g + 3*g, -4*g = y - 9. Let u be (-3)/(3 - 54/15). What is the greatest common factor of g and u?
1
Let p(f) = -f**2 + 2*f - 2. Let n be p(4). Let d(r) = 3 + 12 - 33 - 2*r. Let h be d(n). Calculate the highest common factor of 1 and h.
1
Let w = -113 + 249. What is the greatest common divisor of w and 24?
8
Suppose 0 = -23*f + 36*f - 4446. What is the highest common factor of f and 24?
6
Let m = 445 + -414. Calculate the highest common divisor of m and 589.
31
Suppose 0 = -j + 2*j - 30. Let d be (-5)/20 - (-122)/8. Suppose -256 = -d*u - 31. Calculate the highest common factor of u and j.
15
Suppose 56*g + 27*g = 19505. Calculate the greatest common divisor of 10 and g.
5
Let u be (0 + 3)/(2/2). Let l be 10 - u/(-6)*2. Let m(s) = 100*s**3 - s**2 - s + 1. Let o be m(1). What is the greatest common factor of l and o?
11
Suppose 5*z + 1720 = 5*q, -680 = 2*q - 4*q + 4*z. What is the highest common divisor of 12 and q?
12
Suppose 3*d = 32 - 2. Let f(i) = i**2 - 10*i + 2. Let s be f(d). Let q = 0 + s. What is the greatest common divisor of 6 and q?
2
Let z(r) = -50*r + 254. Let m be z(5). What is the highest common divisor of 196 and m?
4
Let i(a) = 34*a + 252. Let r be i(-7). What is the highest common factor of r and 175?
7
Let b be 20 + -6 + 12 + -3. What is the greatest common factor of b and 23?
23
Suppose v - 4*d - 15 = -d, -3*v = 5*d - 31. Calculate the greatest common factor of 6 and v.
6
Let n = -1 + 231. What is the highest common divisor of 92 and n?
46
Suppose m - 3 = 0, -2*m + 163 + 43 = t. Suppose 0 = -32*f + 370 + 2190. What is the greatest common divisor of f and t?
40
Suppose -39*z = 32*z - 1420. Let x be 88*5/2 + 0. What is the greatest common divisor of z and x?
20
Suppose 502 = 2*v + 106. Suppose 6*f - 143 + 11 = 0. Calculate the greatest common factor of v and f.
22
Suppose 3*t + 35 - 485 = 0. Calculate the highest common divisor of 275 and t.
25
Let c(s) = 21*s**2 - 46*s - 190. Let k be c(-4). Suppose 3*z + 4*f - 30 = 69, -2*z + 3*f = -66. Calculate the highest common factor of k and z.
33
Let n be 5/((-6)/((-36)/(-13)) - -3). Calculate the greatest common divisor of n and 102.
6
Suppose 9 = s - n + 5, 3*s + 2*n = 17. Let j(o) = -o**2 + 15*o - 22. Let y be j(s). Calculate the highest common factor of y and 56.
28
Suppose -5*p - 2*w + 185 = 3*w, 3*w = -p + 31. Let u = -33 + p. Calculate the highest common divisor of 14 and u.
7
Suppose -6 = f - 8. Suppose -4 = -2*c + f*v - 4*v, -2*c - 3*v = -3. Let q be c*(-11)/((-22)/12). What is the greatest common divisor of q and 9?
9
Let n(i) = -i**3 + 9*i**2 - 7*i - 6. Let z be n(8). Let k be 1 - 204/(-8)*z. Suppose d - k = -0*d. Calculate the highest common factor of d and 78.
26
Let r(l) = l + 52. Let c be r(0). Let g be (130/(-25))/((-2)/5). Calculate the highest common factor of g and c.
13
Let c be 1/4 + (-393)/(-12). Let k = -28 + c. What is the highest common factor of 5 and k?
5
Let b(v) = 3*v**2 - 2*v - 296. Let h be b(-17). What is the greatest common divisor of h and 10?
5
Let i(h) = h**3 + 8*h**2 + 3*h - 6. Let o be i(-3). Calculate the greatest common factor of o and 120.
30
Let a = -61 - -69. Let k(t) = -2*t**2 + 2*t. Let i be k(3). Let d = i + 24. Calculate the greatest common factor of a and d.
4
Let g be (-134)/(-4) + (-2)/(-4). Suppose 0 = -o + 85 - 0. Calculate the greatest common factor of o and g.
17
Suppose -5*j = -7 - 3. Suppose 40 = -j*l + 7*l. Let t be (-3)/12 - (-130)/8. What is the greatest common divisor of l and t?
8
Let h be ((-60)/35)/(((-13)/(-105))/(-13)). What is the greatest common factor of h and 96?
12
Suppose -4*a - x = -74, 71 = 5*a - x - 17. Calculate the highest common factor of a and 36.
18
Let o = 162 + -55. Let r(i) = -i**2 + 6*i - 6. Let s be r(8). Let q = o + s. What is the highest common factor of 17 and q?
17
Suppose 2*v + 33 = h, -5*v + 192 = 4*h - v. Let d = 47 - h. What is the highest common divisor of d and 2?
2
Let f(v) = v + 5. Let h(t) = -t**3 - 4*t**2 + 6*t - 2. Let a be h(-5). Let w be f(a). Let c be (-1)/w - 63/(-14). What is the highest common factor of c and 45?
5
Suppose -8*k - 9 = 7. Let a be 104/(-6) + k/3. Let x be a/27 - (-53)/3. Calculate the highest common divisor of 17 and x.
17
Let x = -864 + 1046. Calculate the greatest common divisor of x and 26.
26
Let w = 158 - 153. Calculate the highest common factor of w and 65.
5
Let i = -188 + 363. What is the highest common divisor of i and 35?
35
Suppose -3*c = 5*v + 55, -3*c - 5*v = c + 65. Let w be (2 - 1)*(c - -131). Suppose -3*r = -122 - w. Calculate the highest common factor of 9 and r.
9
Suppose -8*t - 1209 = -2265. What is the greatest common divisor of t and 704?
44
Let c(h) = h**2 + 13*h - 45. Let y be c(-20). Calculate the highest common divisor of 5 and y.
5
Let s(j) = j**2 + j - 2. Let l be s(2). Suppose -4*o - 6 = 2, 0 = -l*g - 3*o + 46. Calculate the highest common divisor of g and 143.
13
Suppose -d + 30 = 2*d. Let k(u) = u**3 + 9*u**2 - 9*u - 77. Let p be k(-9). What is the highest common factor of p and d?
2
Let k be (-2 - 12)*(-2 + 1)/2. Let s = 13 - 9. Let v = k - s. Calculate the greatest common divisor of 6 and v.
3
Let n = 303 - 228. Calculate the greatest common factor of 30 and n.
15
Suppose -6*s + 145 = -s. Let y = -11 + s. Suppose -5*i - 5*r = -630, -5*i + 17*r + 630 = 20*r. What is the highest common factor of y and i?
18
Suppose 2*o + 33 = 5*o. Suppose -5*c = -577 - 23. Let t = 175 - c. What is the highest common factor of o and t?
11
Let j be 18*(1/(-3) + 110/60). What is the greatest common factor of j and 45?
9
Let l = -932 + 967. Let z = -4 + 11. What is the highest common divisor of l and z?
7
Suppose -2*a - 4*z = -z - 945, -a = -5*z - 440. Calculate the greatest common divisor of a and 105.
15
Suppose -3 = -3*g + 3*k, 0 = -42*g + 47*g - 4*k - 8. Suppose 2*a = 36 + 28. Calculate the greatest common factor of a and g.
4
Suppose w - 2685 = -4*m, 1347 = 2*m - 4*w + 3*w. Calculate the greatest common factor of 21 and m.
21
Let v(o) = o**3 - 6*o**2 + 9*o - 8. Let p be v(5). Let h be 686/12 - 2/p. Calculate the highest common factor of 38 and h.
19
Let g be (5 - (6 - 12)) + 6. Calculate the highest common factor of 51 and g.
17
Suppose 0 = 4*g + 4*w - 56, -3*g = -8*g + w + 82. Let h = 30 - g. Suppose h*b + 32 = 18*b. Calculate the highest common divisor of b and 72.
8
Suppose o + 2 = 5. Suppose t - b + 18 = 108, o*b + 100 = t. What is the greatest common divisor of t and 34?
17
Let l = 111 + -110. Let c be ((-4)/6)/((-6)/9). What is the greatest common divisor of l and c?
1
Suppose -i + 81*u = 78*u - 42, 3*i - 42 = -5*u. Let r(v) = 13*v - 3. Let g be r(3). Calculate the highest common divisor of i and g.
12
Let t = 105 + -69. Let h(m) = -m**2 + 7*m + 9. Let l be h(7). Calculate the greatest common divisor of t and l.
9
Suppose -3*q + 236 = 3*z - 34, 0 = 5*z + 2*q - 444. What is the highest common factor of 22 and z?
22
Let k = 1110 + -1068. Suppose -5*a - 4*m + 101 = 0, 0 = -2*a - m - 3*m + 38. Calculate the highest common divisor of k and a.
21
Let c(g) be the third derivative of g**6